{"id":642,"date":"2019-01-12T09:07:26","date_gmt":"2019-01-12T08:07:26","guid":{"rendered":"https:\/\/gefluegel.unitrend.de\/?post_type=tribe_events&#038;p=642"},"modified":"2019-01-12T09:13:04","modified_gmt":"2019-01-12T08:13:04","slug":"jahreshauptversammlung-2","status":"publish","type":"tribe_events","link":"https:\/\/gefluegel.unitrend.de\/index.php\/termine\/jahreshauptversammlung-2\/","title":{"rendered":"Jahreshauptversammlung"},"content":{"rendered":"<h4>Jahreshauptversammlung des Vereins.<\/h4>\n<h5>Tagesordnung:<\/h5>\n<ol>\n<li>Begr\u00fc\u00dfung<\/li>\n<li>Feststellung der Beschlussf\u00e4higkeit<\/li>\n<li>Antr\u00e4ge zur Tagesordnung<\/li>\n<li>Berichte (Kassenbericht, etc.)<\/li>\n<li>Mitgliederaufnahmen<\/li>\n<li>Stellungnahme zur Umfrage des Landesverbandes<\/li>\n<li>Antr\u00e4ge<\/li>\n<li>Informationen<\/li>\n<li>Aussprache<\/li>\n<li>Ende<\/li>\n<\/ol>\n","protected":false},"excerpt":{"rendered":"<p>Jahreshauptversammlung des Vereins. Tagesordnung: Begr\u00fc\u00dfung Feststellung der Beschlussf\u00e4higkeit Antr\u00e4ge zur Tagesordnung Berichte (Kassenbericht, etc.) Mitgliederaufnahmen Stellungnahme zur Umfrage des Landesverbandes Antr\u00e4ge Informationen Aussprache Ende<\/p>\n","protected":false},"author":1,"featured_media":0,"comment_status":"open","ping_status":"closed","template":"","meta":{"_EventAllDay":false,"_EventTimezone":"Europe\/Berlin","_EventStartDate":"2019-02-12 19:30:00","_EventEndDate":"2019-02-12 21:00:00","_EventStartDateUTC":"2019-02-12 18:30:00","_EventEndDateUTC":"2019-02-12 20:00:00","_EventShowMap":false,"_EventShowMapLink":false,"_EventURL":"","_EventCost":"","_EventCostDescription":"","_EventCurrencySymbol":"","_EventCurrencyCode":"","_EventCurrencyPosition":"suffix","_EventDateTimeSeparator":"","_EventTimeRangeSeparator":"","_EventOrganizerID":[645],"_EventVenueID":[644],"_OrganizerEmail":"","_OrganizerPhone":"","_OrganizerWebsite":"","_VenueAddress":"","_VenueCity":"","_VenueCountry":"","_VenueProvince":"","_VenueState":"","_VenueZip":"","_VenuePhone":"","_VenueURL":"","_VenueStateProvince":"","_VenueLat":"","_VenueLng":"","_VenueShowMap":false,"_VenueShowMapLink":false,"_tribe_events_status":"","_tribe_events_status_reason":"","footnotes":""},"tags":[],"tribe_events_cat":[25],"class_list":["post-642","tribe_events","type-tribe_events","status-publish","hentry","tribe_events_cat-jahreshauptversammlung","cat_jahreshauptversammlung"],"_links":{"self":[{"href":"https:\/\/gefluegel.unitrend.de\/index.php\/wp-json\/wp\/v2\/tribe_events\/642","targetHints":{"allow":["GET"]}}],"collection":[{"href":"https:\/\/gefluegel.unitrend.de\/index.php\/wp-json\/wp\/v2\/tribe_events"}],"about":[{"href":"https:\/\/gefluegel.unitrend.de\/index.php\/wp-json\/wp\/v2\/types\/tribe_events"}],"author":[{"embeddable":true,"href":"https:\/\/gefluegel.unitrend.de\/index.php\/wp-json\/wp\/v2\/users\/1"}],"replies":[{"embeddable":true,"href":"https:\/\/gefluegel.unitrend.de\/index.php\/wp-json\/wp\/v2\/comments?post=642"}],"version-history":[{"count":1,"href":"https:\/\/gefluegel.unitrend.de\/index.php\/wp-json\/wp\/v2\/tribe_events\/642\/revisions"}],"predecessor-version":[{"id":643,"href":"https:\/\/gefluegel.unitrend.de\/index.php\/wp-json\/wp\/v2\/tribe_events\/642\/revisions\/643"}],"wp:attachment":[{"href":"https:\/\/gefluegel.unitrend.de\/index.php\/wp-json\/wp\/v2\/media?parent=642"}],"wp:term":[{"taxonomy":"post_tag","embeddable":true,"href":"https:\/\/gefluegel.unitrend.de\/index.php\/wp-json\/wp\/v2\/tags?post=642"},{"taxonomy":"tribe_events_cat","embeddable":true,"href":"https:\/\/gefluegel.unitrend.de\/index.php\/wp-json\/wp\/v2\/tribe_events_cat?post=642"}],"curies":[{"name":"wp","href":"https:\/\/api.w.org\/{rel}","templated":true}]}}

<h4>Jahreshauptversammlung des Vereins.</h4>
<h5>Tagesordnung:</h5>
<ol>
<li>Begrüßung</li>
<li>Feststellung der Beschlussfähigkeit</li>
<li>Anträge zur Tagesordnung</li>
<li>Berichte (Kassenbericht, etc.)</li>
<li>Mitgliederaufnahmen</li>
<li>Stellungnahme zur Umfrage des Landesverbandes</li>
<li>Anträge</li>
<li>Informationen</li>
<li>Aussprache</li>
<li>Ende</li>
</ol>

<p>Jahreshauptversammlung des Vereins. Tagesordnung: Begrüßung Feststellung der Beschlussfähigkeit Anträge zur Tagesordnung Berichte (Kassenbericht, etc.) Mitgliederaufnahmen Stellungnahme zur Umfrage des Landesverbandes Anträge Informationen Aussprache Ende</p>
